14 - -26)
-12
Calculate (9 - 3) + 7 + -5 + 0 + 2.
10
Evaluate (-3 + 5 + -3 - -4) + (-83 - -99).
19
Evaluate (8 - -7) + (-19 - (-26 - 7)).
29
Calculate -1 - (-13 + 13 + 6) - -4.
-3
(9 - -2 - 2) + -5 - 10
-6
What is the value of -4 - (8 + -29 + 25 + (-1 - 5))?
-2
What is the value of 28 + (0 - (6 - -10))?
12
What is the value of 17 - (9 - (-34 + 12))?
-14
What is the value of (2 - -7 - -4) + -16?
-3
Evaluate (10 - (-8 - -1)) + -7 + -6.
4
Calculate 49 + -57 - (0 - -2).
-10
Evaluate (-3 - 3 - -24) + -10 + 14.
22
(11 - -2) + -2 + (-8 - (-14 + 4))
13
-1 + 29 - (-1383 + 1378)
33
What is the value of (-13 - (9 + -9)) + 6?
-7
Evaluate (-15 + 1 + -2 - (53 + -52)) + 5.
-12
What is the value of 1 + (-1 - 1) + -3 + 4 + -3?
-3
Calculate (7 - 18 - -8) + -4 + 4 + -14.
-17
What is the value of (-4 - -43) + 150 + -169?
20
Calculate 4 + (-1 - -1) + (-20 - (6 - 15)).
-7
What is the value of 1 - (2 + 3 + -5)?
1
Evaluate -1 - (6 - (9 - (12 + -1)) - 4).
-5
13 - (0 - -8) - -7 - 0
12
What is (-8 - (-14 + 9) - 2) + 3?
-2
Evaluate (-4 - (11 - 14)) + (11 - (-2 - -1)).
11
What is the value of -52 + (-39 - -51 - -8)?
-32
What is the value of (-57 - -20) + 35 - (-6 + -1)?
5
What is 2 + (-13 - (-53 - -24))?
18
(11 - -4) + (-11 + 4 - 2)
6
Calculate 16 + (13 - (9 - -19)).
1
What is the value of -5 + -10 - (-34 - -29)?
-10
What is 18 - (-9 + 13) - 24?
-10
What is (9 - 28) + 2 + (1 + 6 - 6)?
-16
What is 2 - 0 - (39 - 26)?
-11
What is -53 + 56 + (0 + -1 - 6)?
-4
Calculate -23 + (11 + -15 - -10) + 2.
-15
What is the value of (-1 - -13) + -4 + (5 - 5) - -10?
18
What is the value of (-44 + 22 + 8 - (-1 - -7)) + 3?
-17
-1 + (59 - (54 - 19))
23
Calculate 0 + 2 - (4 - (-10 + 4)).
-8
Evaluate -24 - ((33 - 19) + -16).
-22
-11 - (1 + 3 + 4)
-19
What is the value of 6 - (10 + -6) - (4 - -1) - 3?
-6
Calculate (-8 - (-2 + -11)) + 7.
12
What is -365 + 359 + (7 - (-1 + 0))?
2
What is the value of -17 - (12 - (32 + 12))?
15
What is the value of 259 + -274 + 3 + 0?
-12
(-4 - (-3 - -6) - (38 - 40)) + 7
2
Calculate 36 + -37 + 4 + -2 + 0.
1
Calculate 6 + (7 - ((7 - 1) + 5)) - -6.
8
Calculate 4 - ((11 - (7 - 2) - 3) + -6).
7
Evaluate 10 + (12 - -5 - 5) + -2.
20
Evaluate -19 + -20 + 9 - -47.
17
What is the value of -2 + -10 - (-28 - (-47 + 23))?
-8
What is the value of -2 + 10 + 8 + 2?
18
What is the value of -20 - (8 + -28 - -9) - (4 - 0)?
-13
3 + -1 - (81 - 84)
5
4 + (25 - (20 + -6)) - -1
16
22 + -1 + (57 - 74) + 0
4
Calculate (11 - 21) + -9 + 12 + -5 + 1.
-11
What is the value of (423 - 415) + (3 - 2) + (-2 - 0)?
7
What is the value of -1481 + 1489 + (-21 - 1)?
-14
What is the value of -3 + (5 - -12 - (-4 + 2))?
16
Calculate 22 + 3 + 3 + (10 + -9 - 9).
20
Evaluate -8 - ((-12 - 1) + 159 + -143).
-11
What is the value of 5 - (1 - (-11 - (-9 - (-1 - 2))))?
-1
(-393 - -390) + (6 - (3 + (2 - 3)))
1
Evaluate (3 - (8 - -3)) + 16.
8
-43 + 38 + 3 - (0 - -10)
-12
Calculate 14 - (32 - 25) - (-9 - 1) - -11.
28
What is the value of (-10 - 1) + 7 + 7?
3
What is the value of (1 - -10) + -101 + 104 - -11?
25
108 + -101 + (15 - 1)
21
Evaluate (-7 - -4 - 2) + (-3 + 3 - 3).
-8
13 + -23 - (30 - 39)
-1
What is the value of (-15 - 3) + (-1 + 0 - -6) + 1?
-12
Calculate 8 + -6 + (-3 - 1) - -6.
4
Evaluate (-40 - -15) + -3 - -11.
-17
What is (-1 - 8) + 1 + (2106 - 2092) + 3?
9
Calculate (62 - (47 + -5)) + (1 - 15).
6
Calculate 2 + 1 + (-2 + -4 - (-24 + 18)).
3
What is 8 + 34 - (4 - (-7 + 12 + -4))?
39
Calculate (0 - 3) + (6 + -3 - (-3 - -3)).
0
Evaluate -19 + 3 + 16 + 5.
5
Evaluate 3 - (2 + 8) - -9 - (14 - -14).
-26
Calculate (-6 - (15 - 22)) + (19 - 0 - -4).
24
Calculate -107 + 91 + (1 - -25) + (0 - -8).
18
What is -64 + 56 + -2 + -28?
-38
What is 10 - -1 - (533 - 550)?
28
What is the value of 610 + -620 + (15 - (-1 - -2))?
4
Calculate 7 + (-2 - -2 - -4) + -9 - 11.
-9
What is the value of 43 + (-5 + 38 - 71)?
5
Calculate (4 - -6 - (-11 - -11 - -7)) + -11.
-8
What is (-23 - -15) + -10 + (-16 - -3)?
-31
Calculate (7 - 9) + 16 + -8.
6
(4 - (12 + -2)) + -3 + 14 + -33
-28
What is 33 + -8 + (35 - 36)?
24
What is the value of (-13 - -7) + -3 + 7?
-2
Evaluate 18 - 20 - (6 + 2 + 1).
-11
Evaluate -75 + 67 - (5 + 0 + -17).
4
Calculate -13 - ((2 + -6 - 0) + (6 - 2)).
-13
Evaluate 18 + 3 + 0 - ((15 - 9) + -6).
21
Calculate -8 - ((7 - 1) + (-5 - 12)).
3
What is -4 + 10 + -18 + 21 - (2 + 21)?
-14
12 + (-5 + (0 - -5) - (-6 - 3))
21
Calculate (8 - 1) + (20 + -21 - 0).
6
(4 + 0 - (-67 - -71)) + 9
9
Evaluate 4 + -4 + 3 - (7 + -5 + -15).
16
Calculate (-4 - 1) + (-10 - (-10 + 3 - -12)).
-20
What is the value of -3 - (-5 + 14 + 3) - -8?
-7
Calculate (6 - 1) + (-1 - (-9 - (-16 - -6))).
3
Evaluate 0 + (3 - 3) + -6 + (1 - -3).
-2
What is the value of -3 + (-2 - -13 - (-5 - (-37 - -10)))?
-14
Calculate (-8 - (4 - 16)) + 2.
6
(14 + -20 - 6 - -30) + 12
30
Evaluate (2 - -1) + 2 + -10 + -4 + 9.
0
Calculate 1 + (7 - (28 + -3)).
-17
What is (-20 - -2) + 17 + -16 - -10?
-7
What is (0 + 0 - (24 - 20)) + 15 + 5?
16
What is 7 - -1 - (-20 - -38 - 13)?
3
What is (1 - 7) + -15 + 17?
-4
Calculate 48 - (-50 + 79) - (17 + 2).
0
What is (4 - 0) + -145 + 156?
15
What is the value of (8 + 8 - 15) + -7?
-6
Calculate (5 + 6 + -5 - -2) + 0.
8
What is -1 + 12 + 9 + -2 + -10?
8
6 + 3 + -2 + 2 + 3 + 3
15
-440 - -451 - (3 + -2 + -9)
19
What is (-8 - (7 - (47 - (-3 + 3)))) + -3?
29
Evaluate (2 - -2 - (11 + -12 + -2)) + 6.
13
4 + (-2 - (-5 + -6) - 9) - 6
-2
What is the value of (1 + 0 - (-1 + 1)) + (-32 - -21)?
-10
Calculate 31 + (-60 - -33) - (0 + -2).
6
(0 - -8) + -4 + (7 - -4)
15
Evaluate (-5 - -17) + -3 + 1 - 7.
3
-76 + 68 + (1 - -11 - 3)
1
Calculate 3 + -1 - (109 + -116 + (30 - -1)).
-22
(-2 - (-4 + -5)) + 6 + -1
12
What is 6 + 0 + 1 + 0 + -6 - 3?
-2
What is the value of 7 + 0 - (29 - 9) - 6?
-19
What is -70 - (-59 + -8) - (1 + (-5 - -1))?
0
What is the value of (5 - (-7 - -5 - -7) - -20) + -8?
12
Calculate -104 + 103 - (2 + -33) - 19.
11
Evaluate 0 + -1 - (7 + -2).
-6
What is the value of 22 - (18 + (-8 - -12))?
0
Evaluate -11 - ((-2 - 1) + -28 + 27).
-7
Calculate (-41 - -22) + 9 + 15.
5
What is the value of -4 + -35 - (23 - 45)?
-17
What is the value of -17 + 2 - (-7 - (1 + -14)) - -4?
-17
What is the value of (-16 - (-1 + -19)) + -6?
-2
What is 2 + -1 + (12 - -26) + -37?
2
What is -4 + 6 - (0 + 0 + (-34 - -29))?
7
Evaluate (-12 - -13 - 9) + (-4 - 9).
-21
Evaluate (-3 - ((8 - 2) + -5 + -7)) + -17.
-14
-19 + 10 - (-9 + 2)
-2
Calculate 48 - 1 - (-24 - (15 - 56)).
30
What is -8 + 13 + -19 + 25?
11
0 + 0 - ((-25 - -2) + (-24 - -47))
0
Calculate (-6 - (2 - -3 - (9 + 0))) + 0.
-2
Calculate (11 - (11 - -7)) + 4 + -1.
-4
25 + 2 + 0 + -178 + 175
24
What is 91 + -111 + 20 + 2?
2
What is 3 + 1 + (-27 - (-23 - -9 - -5))?
-14
Evaluate 2 + (1 - 3) + 6 + (3 - -2).
11
Evaluate -11 - ((1 - 6) + 12 + -6 + -8).
-4
Evaluate (2 - 1) + 4 + (8 - (-2 + 15)).
0
Evaluate (3 - -6 - 14) + (5 - (-4 - -2)).
2
Evaluate 3 - (4 - (3 + -3) - (-6 + 10)).
3
Calculate (-19 - (5 - 23)) + 8.
7
What is the value of 33 + (19 + -40 - -19 - (-3 + 7))?
27
-7 + (6 - -1) + (-3 - -2 - -11)
10
Calculate (5 - 0) + -6 + 4 - (3 - 11).
11
Evaluate -30 + (-7 + 37 - 17).
-17
Evaluate (295 - 302) + (-4 - -3) + -12.
-20
What is the value of -1 + 6 - (-14 + 8 + -7 - -8)?
10
Calculate 10 + (-15 - (15 + -10)).
-10
Calculate -2 - -24 - (11 - 2) - -15.
28
Calculate -5 + 0 - (8 - (8 + 4)).
-1
What is 15 + 6 + -9 - 18?
-6
Calculate 3 + (-12 - (22 + -37)).
6
What is the value of -18 + (17 - -18) + -14?
3
What is -18 + 6 - (2 - -7 - (2 + 2))?
-17
Evaluate (1 - 0 - 1) + 5 - 7 - -17.
15
Calculate 18 + -35 + (70 - 44).
9
What is the value of -7 + (-53 + 49 - (-2 + 2 - -3))?
-14
Evaluate -3 + (16 - 7) + (1 - -1 - 32).
-24
What is (-11 + 16 - (0 - -8)) + 0 + -9?
-12
3 + 0 - 4 - (25 + 18 + -23)
-21
What is -1 - (-20 - -6 - -32)?
-19
What is -16 + (6 - -4) + -3 - (9 + -15)?
-3
What is 2 + (14 - (19 - 2))?
-1
What is (-22 + 10 - -11) + 10 + 7?
16
-2 + -6 + 0 + 1 + -2 + 5
-4
What is the value of (0 + 2 - (-126 + 143)) + 10?
-5
Evaluate -18 - -1 - (26 - (-14 + 46)).
-11
What is the value of -40 + 11 + 6 - -10?
-13
What is (2 - (54 - 26)) + 55?
29
What is the value of 5 + (5 - 3 - 14) - -4?
-3
13 + (-7 - (6 + -7))
7
What is the value of 4 + (-11 - -10) + -14?
-11
Calculate -5 + 0 + 10 + 7 + -7 - -3.
8
2 - 6 - -5 - -5
6
What is the value 